 + 2)). Determine r(k).
-51
Let l = 17 + 2. Let h = -9 + l. Let m = h - 16. Let i(s) = s**3 + 7*s**2 + 8*s + 9. What is i(m)?
-3
Let p(l) be the third derivative of l**6/120 - 2*l**5/15 + 7*l**4/24 + 2*l**3/3 - l**2. Let j(u) = -13*u - 6. Let k be j(-1). Calculate p(k).
4
Let j(s) be the second derivative of s**5/2 + s**3/6 - s**2/2 - s. Suppose -16*w + 13 = -3*w. Calculate j(w).
10
Let n(h) = h**3 - 8*h**2 - 10*h + 19. Let c be n(9). Let s(m) = m**2 - 8*m - 19. Give s(c).
1
Let y(h) = -3471*h + h**3 + 6931*h - 3 + 6*h**2 - 3465*h. Give y(-6).
27
Let s be -18 + 7 - 20/(-1*4). Let a(m) = m**3 + 6*m**2 - 3*m - 9. Calculate a(s).
9
Let x(h) = h**3 - 3*h**2 - h - 4. Let u be 2 + 1 - (-3 + -5*9). Suppose 11*d - u + 18 = 0. Give x(d).
-7
Let t(d) = -d**3 + 8*d**2 - 5*d + 10. Let u(k) = 5*k + 13. Let n be u(-1). Calculate t(n).
-30
Let u(j) = j**2 + 6*j - 6. Suppose -9 = -7*s + 26. Let g(x) be the first derivative of -x**2 + 4*x + 2. Let y be g(s). What is u(y)?
-6
Let c(k) = -6*k - 4. Suppose -4*w = 5*o + 42, o - 28*w + 12 = -30*w. Determine c(o).
32
Let q(w) be the third derivative of -w**7/840 - w**6/180 - w**5/60 + 5*w**3/6 - 14*w**2. Let o(g) be the first derivative of q(g). What is o(-2)?
4
Let d(l) = 7*l**2 - 13*l - 34. Let c(x) = 15*x**2 - 28*x - 69. Let v(q) = 6*c(q) - 13*d(q). Give v(0).
28
Let y(l) = -9*l**3 - 2*l**2 + 27*l - 21. Let t(n) = 2*n**3 + 2*n**2 - 4*n + 1. Let f(c) = -4*t(c) - y(c). Give f(7).
-11
Suppose 5*q = 3*m - 10 - 5, -4*q + 3*m = 9. Let o(v) = v**3 + 5*v**2 - 8*v - 4. Determine o(q).
8
Suppose -9*h + 107 = 143. Let s(a) = a**3 + 5*a**2 + 3*a + 3. Calculate s(h).
7
Let j(u) = u**3 - 7*u**2 + 6*u + 6. Let r(y) = -y. Let d be r(2). Let a be ((-3)/2)/(d/4). Suppose 2*x + 2 = 0, 17 = 2*c - 8*x + a*x. Determine j(c).
6
Let n(s) = 29 + 4*s - s - s + 9 - 53. What is n(12)?
9
Let r(k) be the second derivative of -k**4/12 - 13*k**3/6 - 7*k**2/2 - 5*k. Suppose 10 = -m - 2. Let j be r(m). Let f(z) = -z. Calculate f(j).
-5
Let r(y) = 1 + 1 - 3*y - 6. Let a(t) = 27*t**3 + t**2 - t + 1. Let c be a(1). Let m = c - 31. Determine r(m).
5
Let z(a) = -10*a. Suppose -48*d = -19 - 77. Determine z(d).
-20
Let q(o) = -o**2 - 3*o. Let h(g) = -g**2 - 10*g - 4. Let r(s) = h(s) - 2*q(s). Determine r(6).
8
Let i(f) = 42*f - 71*f + 2 + 28*f. Suppose -3*n - n = -8. Let u be n*3/(-6)*-4. Calculate i(u).
-2
Let r(s) be the second derivative of -s**3/3 - 9*s**2/2 + 5*s + 6. Determine r(-5).
1
Let y = -4 - -8. Suppose 0 = y*b - 13 - 7. Let q(h) = h**2. Let i(g) = 6*g**2 - 4*g + 3. Let d(f) = -i(f) + 5*q(f). Determine d(b).
-8
Let i(g) = 4*g + 2*g - 1 - 9*g + 0*g. Suppose -3*f + 7 = 2*z, 0*f = 2*z - f + 5. Give i(z).
2
Let u = 33 - 31. Let l(f) = -2 - 5*f**2 - 7*f + 5*f**u - f**2. Determine l(-6).
4
Let l = 24 + -22. Let z(d) = -3*d**3 + 13*d**2 + 8*d + 9. Let x(k) = -k**3 + 3*k**2 + 2*k + 2. Let u(f) = 9*x(f) - 2*z(f). Determine u(l).
-16
Let k(q) be the third derivative of q**4/24 - 3*q**3/2 + 13*q**2. Let n be k(12). Let g(z) = 2 - z**2 + 2 - 1. Give g(n).
-6
Let u(b) = b**3 - 19 - b**2 + 10 - 11*b**2 + 0*b**3 + 12*b. Let x be u(11). Let g(r) = -15*r**2 + 16*r**2 - 1 + 0*r - 2*r. Determine g(x).
-1
Let p(r) = r**2 - r + 1. Suppose 2*m = 2 + 4. Suppose 0*u = m*u - 132. Let f be (11/u)/(1/4). Give p(f).
1
Let s(b) = -7 - 1 + 6 - 2*b - 2*b. Let j(o) = -o**3 + 5*o**2 - 3*o + 1. Let l be j(3). Let q(w) = -w + 8. Let a be q(l). Determine s(a).
6
Let a be (-55)/(-45) + 4/(-18). Let r be a + 2*(-1 - 3). Let m(p) = -p**3 - 6*p**2 + 9*p + 10. Calculate m(r).
-4
Let p(b) = 0*b + 2 - b - 3. Let w(n) = n**3 + 8*n**2 - 9*n + 8. Let d be w(-8). Let z be (-6)/21 - d/14. What is p(z)?
5
Suppose 0 = 5*m + 4*v - 75, 5*m - 3 = v + 72. Suppose 0 = 5*x + c - m, 5*x - 4*x - 12 = -2*c. Let u(n) = -11*n + 8*n + x*n - 1 + 0*n. What is u(5)?
-6
Suppose 36*n = 28*n + 8. Let q(o) = 0 + o + 0 - o**2. Let p(r) = -12*r**2 + 7*r. Let c(z) = -p(z) + 6*q(z). Calculate c(n).
5
Suppose 7*k = -25 + 81. Let o(m) = -3*m + 11. Give o(k).
-13
Let s(f) = 1. Let x(b) = b**2 + 2*b - 3. Let p(z) = 3*s(z) + x(z). Let o(n) = -n + 4. Let l(t) = t**2 + 4*t + 1. Let k be l(-5). Let v be o(k). Give p(v).
0
Let i(u) = -u**3 - 6*u**2 - 3*u + 2. Suppose 2*f = z - 2*f + 6, 0 = -2*z + 2*f. Suppose -z - 14 = 4*j. Determine i(j).
-18
Let t(u) = -2*u - 1. Let s(w) be the third derivative of -1/6*w**3 - 1/12*w**4 - 1/60*w**5 + 3*w**2 + 0 + 0*w. Let g be s(-3). Determine t(g).
7
Let l(y) be the second derivative of y**5/60 - y**3/6 - 7*y**2/2 + y. Let v(z) be the first derivative of l(z). Let c be (-2 - -2)*(-3)/(-6). What is v(c)?
-1
Let f(l) be the third derivative of -l**5/60 - l**4/24 + 2*l**3/3 + l**2. Let r(i) = i**2 - 4*i - 9. Let a be r(4). Let m be 2 + 1 + (-12 - a). Calculate f(m).
4
Suppose 4 = 4*j - 0*j, 0 = 5*q - 4*j - 31. Let b(m) = 0*m + 3 - 5 - m. Calculate b(q).
-9
Let y(n) = -n**2 + 4. Suppose 30*l = 29*l. Determine y(l).
4
Let y(n) = 5*n + 9. Let s(a) = 5*a**2 - 45*a - 3. Let c be s(9). Determine y(c).
-6
Let n be ((-39)/(-6))/(2/4). Let k be 2/13 + (-648)/156 + -6. Let j = n + k. Let x(a) = a**2 - a - 3. Give x(j).
3
Let u(m) = 3*m - 8. Suppose -5*c - w = -c - 13, -5*c + 12 = -3*w. Let y be u(c). Let b(q) = -q**2 + 1. What is b(y)?
0
Suppose -5*i + 3 = -5*l - 2, -1 = -5*i + 4*l. Let f be i*(1/1)/3. Let r(x) be the third derivative of -11*x**5/60 + x**4/24 + 231*x**2. What is r(f)?
-12
Let w(o) = o**3 + o + 1. Let g(q) = 7*q**3 - 10*q**2 - 4*q + 1. Let v(f) = -g(f) + 6*w(f). What is v(11)?
-6
Let s(x) = 9*x**2 - 4*x + 4. Let u(v) = -17*v**2 + 7*v - 7. Let t(y) = 5*s(y) + 3*u(y). Let f be ((-360)/(-42))/20 - (-3)/(21/4). Determine t(f).
-6
Let f(h) = -67*h**3 + 2*h**2 - 10*h + 5 - 2*h**2 + 68*h**3 + 12*h + 5*h**2. Calculate f(-4).
13
Suppose -5*a + 12 = 4*z, 0*z - 4*a = 2*z - 6. Let n(c) = 1 + 7 - c + 2*c + 3*c**z - 7. Let j(l) = -l**3 - 11*l**2 - 1. Let f be j(-11). Determine n(f).
-3
Let p(l) = -2*l - 13. Let c be p(-9). Suppose c*y - 4*d - 30 = 0, 2*d = -5*y - d - 5. Let w(i) = 5*i - 3. Give w(y).
7
Let q(x) = -1. Let s(n) = n - 2. Let t(h) = 6*q(h) + s(h). Determine t(9).
1
Suppose -z - 25 = -3*f, 0 = 4*f - z - 21 - 12. Suppose 0 = 4*c - 3*c - 3, 5*d - 4*c - f = 0. Let r(o) = -o**2 + 5*o + 4. Determine r(d).
8
Let r(g) = -6*g**2 + 0 - 4 + 3. Let h = -42 - -81. Let k be h/(-26)*2/3. Determine r(k).
-7
Suppose 2*o = -2*o + 8. Let g(a) = 1. Let f(c) = 3*c**2 + c + 3. Let k(u) = -f(u) + 3*g(u). Determine k(o).
-14
Let j be (-20)/8*8/(-10). Let f(l) = -3 - 93*l**2 - 125*l + 128*l + 92*l**2. What is f(j)?
-1
Let o(k) = -5*k**2 + 16*k - 10. Let b(s) = 12*s**2 - 31*s + 21. Let p(w) = -2*b(w) - 5*o(w). What is p(17)?
-9
Let i(v) = -3*v**3 + 7*v**2 + 83*v - 58. Let b(j) = j**3 - 2*j**2 - 28*j + 19. Let t(w) = -17*b(w) - 6*i(w). What is t(10)?
5
Let m(o) = o**2 - 2*o - 2. Let t(c) = 2*c**2 + 2*c - 8. Let y(f) = -m(f) + t(f). Let i = 3 - 0. Suppose z - r + i = 0, 0 = 5*z - 4*r + 4 + 14. Determine y(z).
6
Let g(c) = c**3 - 4*c**2 - 7*c + 5. Let s(t) = -t**3 - t**2 + 5. Let q(z) = z**3 - z - 5. Let f(i) = 5*q(i) + 6*s(i). Let h = -5 - 0. Let k be f(h). Give g(k).
-5
Let k(v) = -3*v + 36. Let q be k(10). Let a(m) = 1 - q*m + 0 + 7*m - 5. Let g be 3/(-1*(-2 + 1)). Calculate a(g).
-1
Let n(m) = m**3 - 6*m**2 + 7*m. Let v be n(4). Let b(y) = y**3 + 5*y**2 + 3*y - 4. Determine b(v).
0
Let y(f) = -f**2 - 5*f - 7. Let k(d) = 5*d + 39. Let u be k(-5). Suppose 3*p + 4 = -u. Give y(p).
-13
Let h(j) be the first derivative of j**4/4 - 2*j**3 + 19*j + 430. What is h(5)?
-6
Let n(r) be the second derivative of -2*r**3/3 + r**2/2 - r. Let o(z) = 11 + 9*z - z - 1 - 3*z**2 + 2*z**2. Let i be o(9). What is n(i)?
-3
Let r(h) = -2*h - 4. Let m be 4/(-6)*(-5 - (-42)/12). Suppose -8*g - m = 47. Calculate r(g).
8
Suppose -8 = -2*i + 2*j, -i + 4*j + 0*j = 2. Let v be (-58)/(-8) - 5/20. Let n(l) = -l**3 - l + 8*l + 0*l + 5*l**2 - v. Calculate n(i).
-1
Let r(j) = 8 + 276*j**2 + j**3 - 553*j**2 + 263*j**2 - 2*j + 2*j. What is r(14)?
8
Let s(v) be the third derivative of v**7/2520 + v**6/360 + 4*v**5/15 - 15*v**2. Let l(x) be the third derivative of s(x). Let r = 3 - 6. Determine l(r).
-4
Let m(w) = w**3 + w**2 - w - 4. Let j be -6 - (-5)/(-10)*-6. Determine m(j).
-19
Let g(c) = -12 + c**3 - 5 + c + 57*c**2 - 58*c**2. Suppose -